ghest common factor of y and 60?
6
Let a(n) = -2*n + 58. Let r be a(8). Calculate the greatest common factor of r and 434.
14
Suppose -5*b + 5 = 0, b + 3*b = 3*u - 8. Suppose u*x + 19 = -3*g + 141, -3*x = -15. What is the highest common factor of g and 85?
17
Suppose -4*k = -5*u + 57, -u + 12 + 9 = 4*k. Suppose 0 = -12*b - 3*g + 606, b - 2*g = 42 + 22. Calculate the highest common divisor of b and u.
13
Suppose -2*y + 4*m + 59 + 25 = 0, 3*y - 130 = 5*m. Let o be 0*(-1)/2 + 20. Calculate the highest common factor of y and o.
10
Let q be 79/3 - (-4)/6. Let f = -21 + q. Calculate the highest common factor of 8 and f.
2
Suppose 5*o - b - 315 = 0, -4*o + 241 = -0*o - 3*b. Let y(r) = -165*r + 346. Let m be y(2). What is the greatest common factor of o and m?
16
Let s be 48/(-7)*(3 + -17). Let n = -3 - -5. Let y be (n/4)/((-2)/(-48)). Calculate the highest common factor of y and s.
12
Let q = 12 - -19. Calculate the greatest common divisor of 31 and q.
31
Let l = 21 - 20. Suppose -l = -2*j + 27. Suppose 5*o - 29 = 4*o - n, 0 = 3*o + 4*n - 88. What is the highest common factor of o and j?
14
Suppose -4*h - 31 = m, -16 = 5*h + 4*m + 20. Let i be (1/2)/(-1)*12. Let p be (-88)/i - h/(-12). Calculate the greatest common factor of 70 and p.
14
Suppose -3*s + 4*g = -754, 0 = 2*s - 5*g - 0*g - 505. Let q be 2*(4 - (-85)/10). What is the highest common divisor of q and s?
25
Let d be (32/8)/(-5 - (-15687)/3136). Calculate the highest common factor of 28 and d.
28
Let b = -156 - -192. What is the greatest common divisor of b and 4?
4
Suppose -4*m - 20 = -40. Suppose 0 = -2*g - 2*g + 12. Suppose -g*z = m*d - 228, 2*z = 2*d + 175 - 7. Calculate the highest common divisor of z and 54.
27
Let q be 44/3*(4 + 8). Suppose -x - 3*u + q = 0, -4*x + u + 149 = -490. What is the highest common factor of 23 and x?
23
Suppose 0 = -17*y + 19*y - 26. Let b be (1 + -105)/(-6 - -5). Calculate the highest common divisor of y and b.
13
Let f be (2 - 1) + 1*5. Suppose -4*p - 4*d + 240 = 0, -p = 4*p - 2*d - 300. Calculate the highest common factor of p and f.
6
Suppose -10*j = j - 231. What is the greatest common factor of j and 28?
7
Let p(f) = f**3 + 13*f**2 + f + 31. Let u be p(-13). What is the highest common factor of 558 and u?
18
Suppose 173 + 501 = -22*t + 938. Let h = -108 + 162. What is the greatest common divisor of h and t?
6
Suppose 0 - 4 = 2*t. Let g be t/2*(6 - 6). Suppose 0 = -5*n - g*n + 80. Calculate the highest common divisor of 176 and n.
16
Suppose d + 387 = 3*i - 799, -5*d + 1594 = 4*i. What is the greatest common factor of i and 495?
99
Let a be 3/18 + 5*(-4527)/(-270). Calculate the greatest common divisor of a and 12.
12
Suppose -2*r + 4*t = -32, 0 = 3*r - 4*r - t + 4. What is the highest common factor of 5 and r?
1
Let g be (7 + -2)*(-28)/(-10). Let s = g - 9. Suppose 40 = s*p - 35. Calculate the greatest common divisor of p and 15.
15
Let t be (-382)/(-7) - (-6)/(-21)*2. Suppose 2*j - s = 5*j + 22, 5*j + 34 = s. Let m be -1 + j/((-21)/30). What is the greatest common factor of t and m?
9
Let a be 11 + (0 - 3/(-3)). Suppose 0 = 19*z - 318 + 204. What is the highest common factor of z and a?
6
Suppose 43*o = 58*o - 1500. Calculate the greatest common divisor of o and 75.
25
Suppose 0 = 4*u - 12*u + 88. What is the greatest common factor of 22 and u?
11
Let g be 14076/(-9)*(-5)/10. What is the highest common factor of g and 34?
34
Let h = 2737 - 1905. Calculate the highest common factor of h and 16.
16
Suppose -3*l - l = -d - 13, 0 = l + 5*d - 19. Suppose 0 = -4*k + 5*b - 123, b = k + 4*k + 180. Let i = 39 + k. Calculate the greatest common factor of l and i.
2
Suppose -5*u = -2*i + 144, -u - u = 3*i - 178. Suppose -8 + i = -3*v. Let h = 109 + v. What is the greatest common divisor of h and 13?
13
Let q = 7 - -29. Suppose 4*s = -4*r + 24, -2*r + 10 = s - 0. Calculate the highest common divisor of r and q.
4
Let g(h) = -h**2 + 7*h + 9. Let m be g(-4). Let q be ((-4)/7)/(10/m). What is the greatest common factor of 6 and q?
2
Let h(b) = 5*b + 4. Let z be h(0). Let m(g) = g**3 - 5*g**2 + 4*g + 5. Let q be m(z). Calculate the highest common factor of 1 and q.
1
Let x(p) = 2*p**2 - 6*p - 7. Let n be x(5). Let h = 150 - 242. Let m = h - -183. Calculate the greatest common factor of n and m.
13
Suppose 2*w = w + 27. What is the greatest common factor of w and 81?
27
Let y(r) = 7*r**2 - r. Suppose 0 = -3*l - 4*v + 3*v + 7, -l = 3*v - 5. Let q be (2/3)/(l/3). Let w be y(q). What is the highest common divisor of 12 and w?
6
Let t be 2/(-6)*(-4)/(16/84). Suppose -t*g = -16 + 2. Calculate the greatest common factor of 5 and g.
1
Let q = -65 + 64. Let y be (6/5)/(q/(-20) - 0). Calculate the greatest common divisor of 60 and y.
12
Suppose 0 = 147*d - 142*d - 960. Calculate the highest common factor of d and 8.
8
Let v be 2/(-6)*36/4 - -1078. What is the greatest common divisor of 50 and v?
25
Suppose -6*m = -10*m + 3256. Suppose -3*f = -f - m. Suppose -f = -2*w - 99. What is the highest common factor of 14 and w?
14
Let r be (-2)/(3/(-12)*-1). Suppose f = -3*q - 34, -21 = 4*q + 3*f + 26. Let k = r - q. Calculate the highest common divisor of 6 and k.
3
Let c(s) = -s**3 - 15*s**2 - s - 14. Let t be c(-15). Let r = t + 8. Let p = 20 - r. What is the highest common factor of p and 99?
11
Let d(c) be the first derivative of -55*c**2/2 - 6*c + 8. Let o be d(-2). What is the greatest common factor of o and 13?
13
Let o = 302 - 239. What is the highest common factor of o and 105?
21
Let s be ((-32)/(-64))/(((-3)/1648)/(-3)). What is the highest common divisor of s and 8?
8
Suppose -3*z + 40 = 2*j - 69, z - 266 = -5*j. What is the highest common factor of j and 583?
53
Let u = -12 + 9. Let n be 280/12 + 4/u. What is the greatest common factor of 2 and n?
2
Suppose 0 = 14*t - 61 + 5. Suppose 4*p = 0, t*j - 2*p = -j + 15. What is the highest common divisor of 6 and j?
3
Let u(k) = -k**3 + 5*k**2 + 7*k - 1. Let l be (-560)/(-98) - 2/(-7). Let q be u(l). Let v = q + 6. Calculate the greatest common factor of 11 and v.
11
Let m be 200/(-80)*(-1 - 9). What is the highest common divisor of m and 60?
5
Let n = 6 - 4. Let x be -7 + 10 + 51 + 0. Suppose -4*z = -2*r - x, z - 17 = r - 6. Calculate the highest common factor of n and z.
2
Suppose -5*h + l = -3*h - 51, 4*h = l + 105. What is the highest common factor of h and 216?
27
Let h = 125 - -425. Calculate the greatest common divisor of 22 and h.
22
Let d be (-3 + -1)*385/(-20). Calculate the greatest common factor of 616 and d.
77
Let w(y) = -23*y - 13. Let p be w(-5). What is the highest common factor of p and 255?
51
Let l be (1 - 0) + (-60)/10 + 817. What is the greatest common divisor of 29 and l?
29
Let l(q) = 70*q - 49. Let n be l(5). Calculate the greatest common factor of 43 and n.
43
Let v be ((-4)/(-7))/(10/455). Calculate the highest common factor of 91 and v.
13
Let p = -43 + 35. Let b(i) = 6 - 2*i**3 - i**2 + 3*i**3 + 5 - 10*i + 8*i**2. Let x be b(p). What is the highest common factor of x and 3?
3
Let m(p) = -p**2 + 9*p + 11. Suppose 4*x - 2*x - 20 = 0. Let v be m(x). Let z be (-262)/(-4) - v/2. Calculate the greatest common divisor of 26 and z.
13
Let r(o) = -12*o + 105. Let v be r(5). Calculate the highest common factor of 1395 and v.
45
Let r be (-3)/(2/6*(-78)/52). Suppose -2*x = -3*x - 2. Let w be 12/(x/(1 + -9)). Calculate the highest common divisor of w and r.
6
Suppose 3*c - 5*h + 10*h = -58, 0 = -5*h + 5. Let g = -16 - c. Calculate the highest common factor of 15 and g.
5
Let m = 798 - 796. What is the greatest common factor of m and 16?
2
Let k = -14 + 6. Let x be ((k - -4) + -2)*-1. Let o = 34 - 10. Calculate the highest common factor of o and x.
6
Suppose 11*s + 3811 - 4185 = 0. What is the highest common divisor of 8 and s?
2
Suppose 4*a = 3*j - 78 + 8, j - a - 25 = 0. Let v = 4 - j. Let w = v - -51. What is the highest common factor of 225 and w?
25
Suppose 5*h - 3*h - 5*l = 49, -2*l = 10. Let j be -3 - h*9/(-6). Calculate the greatest common divisor of j and 20.
5
Suppose -4 = -2*r, 0 = 3*g + 5*r - 3 - 82. What is the greatest common divisor of 100 and g?
25
Let y be (-1)/(-3) - 35/(-3). Suppose 2*c - 11 = b, -466*c + 471*c = -b + 3. What is the highest common factor of c and y?
2
Let b(r) = -r**3 - 10*